e -p - 2018 = -2*i, 5*i = 2*p + 2*p + 5045. What are the prime factors of i?
1009
Let z = 2581 - 1011. List the prime factors of z.
2, 5, 157
Let q(k) = 8*k - 2. Let i be 5 - (-1 + 2 + 7 + -8). What are the prime factors of q(i)?
2, 19
Let k = -59 - -118. Suppose 0 = -m - 5*i + 1, 0 = 3*m - 8*m + 2*i + k. List the prime factors of m.
11
Suppose -5*l + 2*l + 3*w + 13374 = 0, 3*l - 5*w = 13378. What are the prime factors of l?
2, 557
What are the prime factors of (3 + 3)/(-2) + 2 - -107?
2, 53
Let b = -32 - -52. Let v be (0 - -4)*(-5)/b. What are the prime factors of (-37 + v)*8/(-16)?
19
Let t be (15/12)/(1/8). What are the prime factors of t/(-2)*(-29)/5?
29
Let r = 50 - -18. Let y = r - 29. What are the prime factors of y?
3, 13
Suppose -t - 2*h = 9, 5*t - 3*h = -0*t - 84. Let m = t + 15. What are the prime factors of 7 - ((3 - 6) + m)?
2, 5
Let m be (-3 - 0)/(-3) - -4. Suppose 0 = -4*n - 8, 5*x - m*n - 76 = 3*x. What are the prime factors of x?
3, 11
What are the prime factors of (-22 + 24)/(2/61)?
61
Let a = -89 + 54. Let g = -14 - a. List the prime factors of g.
3, 7
Suppose 6*m = m - 35. Let s = 1317 - 2341. List the prime factors of 2/m + s/(-56).
2, 3
Suppose -r + 586 + 150 = 0. List the prime factors of r.
2, 23
Let a(v) = v. Let z(b) = -4*b - 1. Let p(f) = 6*a(f) + z(f). Let x be p(3). Suppose -3*u + x*j = -35, 3*j - 8 = -u + j. List the prime factors of u.
2, 5
Let r(m) = 11*m - 47. List the prime factors of r(17).
2, 5, 7
Let k = 418 - 397. What are the prime factors of k?
3, 7
Let l(v) = -v**2 + 54*v - 129. List the prime factors of l(41).
2, 101
Suppose 3*n - 5*t - 75 = -2*n, 3*t - 115 = -5*n. List the prime factors of (-2)/(-4 - (-76)/n).
2, 5
Suppose w - 459 = -3*i, -6*w - 4*i + 924 = -4*w. List the prime factors of w.
2, 3, 13
Suppose 7*s = 6*s - 2. List the prime factors of (69 - s - 1) + 2.
2, 3
Let a = 7207 + -4246. List the prime factors of a.
3, 7, 47
Suppose -4*h - 3*m = -10070 - 5897, 0 = h + m - 3991. List the prime factors of h.
2, 1997
Suppose -3*k = -2*j - 66, 54 = 3*k + j + j. Let m = -15 + k. What are the prime factors of (4 - m)*-3 + 63?
2, 3, 11
Suppose 3*x = -x + 12. Let n = -82 - -87. Suppose -2*p + n + x = 0, 5*m - p - 26 = 0. What are the prime factors of m?
2, 3
Let f(t) = 876*t - 115. List the prime factors of f(1).
761
Let y(g) = -g**2 - 8*g - 9. Suppose -18*h + 17*h - 5 = 0. List the prime factors of y(h).
2, 3
Let i = -19 + 14. Let q be 92/6 + i/15. What are the prime factors of (q - 7)*(0 + 1)?
2
Let h(o) = o - 4. Let r be h(12). Suppose z - 1 = -3*t + 1, z = -2*t. What are the prime factors of 12*(r/3)/t?
2
Suppose 24*o - 21*o = -l + 335, l + 1 = 0. What are the prime factors of o?
2, 7
Suppose -5816 = -17*d + 15026. List the prime factors of d.
2, 613
Suppose 10 = n - 1. Suppose 2*j + 1 = n. Suppose -j*u = -2*y - 107, 0 = -u - 3*u + 3*y + 80. List the prime factors of u.
23
Let l(g) = -9*g**2 + 2*g - 2. Let d be l(1). Let h(w) = -w**3 - 8*w**2 + 2*w + 17. List the prime factors of h(d).
2, 5
Let i(u) = -u**3 + u + 229. What are the prime factors of i(0)?
229
Suppose -2*b - b + 3*k - 3 = 0, -17 = -3*b - 2*k. Suppose b*c - 936 = -5*c. List the prime factors of c.
3, 13
Let g be 1 - -6*1/2. Let o be ((-18)/(-15))/(1/(-5)). List the prime factors of (-16)/6*o/g.
2
Suppose 612 + 768 = -12*u. Let x = 209 + u. List the prime factors of x.
2, 47
Let c = 10 - 7. Let i = 8 - c. What are the prime factors of -9*(-8)/(-1 + i)?
2, 3
Let h = -15 + 12. Let l(r) = -r**2 - 4*r. Let w be l(h). Suppose w*o + 9 = 0, -4*p - 5*o + 35 + 54 = 0. List the prime factors of p.
2, 13
List the prime factors of 3512*(135/12)/15.
2, 3, 439
Let s(b) = b - 1. Let o be s(4). Suppose 0 = -5*z + 2*z + 9. Suppose -5 = -2*t + 2*w + w, 0 = o*w - z. What are the prime factors of t?
2
Let u = 684 - -111. List the prime factors of u.
3, 5, 53
Suppose 0 = 8*v - 7*v + 4*w + 22, -4*v - w - 43 = 0. What are the prime factors of 1/(((-14)/4130)/(4/v))?
2, 59
Let g be 32/20 + (-6)/10. Let v = g - -1. Suppose -v*d + 5*j = -139, d = -3*j + 8*j + 82. What are the prime factors of d?
3, 19
Suppose 2*q - 6*l = -8*l + 6526, l = 3*q - 9801. What are the prime factors of q?
2, 23, 71
Suppose 16*f = 2960 + 1168. What are the prime factors of f?
2, 3, 43
Let x(q) = q**3 - 7*q**2 - 18*q - 5. Let g(d) = -4*d**2 - 9*d - 3. Let a(f) = 5*g(f) - 2*x(f). List the prime factors of a(-5).
2, 5, 7
Let l(n) = -31*n - 5. Let t(s) = -s + 7. Let r be t(9). List the prime factors of l(r).
3, 19
Suppose -10 = -5*f - 0. Suppose -16 = f*z - 6*z. What are the prime factors of ((-16)/(-20))/(z/10)?
2
Let c(d) = 3*d + 2. Let m be c(-2). Let j(z) = z**2 + z + 9. List the prime factors of j(m).
3, 7
Suppose 45 = -7*v - 18. Let x(z) = -25*z + 8. What are the prime factors of x(v)?
233
Let i = -783 + 1231. Suppose 13*w - 5*w - i = 0. List the prime factors of w.
2, 7
Let c(a) = 3*a**3 - 7*a**2 + 9*a + 16. Let j be c(5). Suppose -5*v = -n + j, -n + 0*v + 261 = -2*v. What are the prime factors of n?
3, 29
Let i(p) = 7*p**2 - 8*p + 4. Let r(n) = -15*n**2 + 16*n - 9. Let k(a) = 7*i(a) + 3*r(a). List the prime factors of k(5).
61
Let k = -19 - -9. Let z be 0 - (3 - 2) - k. Let w(y) = 2*y - 9. What are the prime factors of w(z)?
3
Let q be (2/(-3))/((-2)/51). Let p = 43 + -10. Let n = p - q. List the prime factors of n.
2
Suppose -o = -40 - 45. Let i = 4 + o. Suppose i = 5*a - 136. What are the prime factors of a?
3, 5
Suppose 40*n - 38*n - 3*r - 2191 = 0, 4362 = 4*n - 2*r. List the prime factors of n.
2, 17
List the prime factors of ((-3)/(-9))/(3 + 67605/(-22536)).
2, 313
Let c(u) = -u**2 - 32*u + 56. What are the prime factors of c(-15)?
311
What are the prime factors of -356*(4/(-1))/4?
2, 89
Suppose -5*t + 15 = -870. List the prime factors of t.
3, 59
Suppose -5*h = 2*m + 101, -5*h = 2*m - 6*m - 187. Let b = m - -150. List the prime factors of b.
2, 3, 17
List the prime factors of (-702630)/(-296) - 1/(-4).
2, 1187
Suppose -2*a + 3*k + 26 - 5 = 0, -5*k - 28 = -a. Let x(l) = -5*l + 1 + l**2 - a*l**2 + 6*l + l**3 - 2*l**3. What are the prime factors of x(-3)?
7
Suppose -33*j = -37*j + 40. Suppose -3 = -2*y - 63. List the prime factors of (0 - 12)/(j/y).
2, 3
Suppose -2*x + 2 = -4. Let p = -5 - -1. What are the prime factors of (6/p)/x*-46?
23
Let r(s) = 5196*s**3 + s**2 - s + 1. What are the prime factors of r(1)?
5197
Let a(d) be the first derivative of d**3/3 - d**2 - 7*d - 7. Let s be a(9). Suppose k = -5*r + 137, k = -2*r - 0*k + s. What are the prime factors of r?
3
Let b = 125 + 78. What are the prime factors of b?
7, 29
Suppose 65*p = -5*m + 68*p + 755, -2*m + 5*p + 321 = 0. What are the prime factors of m?
2, 37
Suppose -3*p + 2*p = -3*i + 347, -2*i = -5*p - 253. Suppose 4*t + i = 346. What are the prime factors of t?
2, 29
Let d = 1032 - 410. Suppose 2*f + 4*u = 302, -4*f = -u + 3*u - d. What are the prime factors of f?
157
Let t(j) = j**3 + 7*j**2 + j + 1. Let u be t(-6). Let k = -16 + u. Suppose k - 135 = -5*d. List the prime factors of d.
2, 3
Let b(g) = -536*g + 6. List the prime factors of b(-1).
2, 271
Let z(b) = -b**3 - 9*b**2 - 8*b + 1. Let u be z(-8). Let j be ((-6)/(-15))/(u/5). Let s = j - -4. List the prime factors of s.
2, 3
Suppose 0 = n - 319 - 7. What are the prime factors of n?
2, 163
Let b(c) = -2*c - 18. Let w be b(-11). Suppose -w*x - 140 = -732. List the prime factors of x.
2, 37
Let l = -59 - 52. List the prime factors of (-22)/18*l + 2/(-3).
3, 5
Let c(t) = -t - 1. Let v be c(-17). Suppose 0*a - v*a = -288. What are the prime factors of a?
2, 3
Let l be (-14 - -15)/(1/(-2)). List the prime factors of l*3/12*-166.
83
What are the prime factors of 5*180 - -3 - (-1 - -2)?
2, 11, 41
Let a(y) = 301*y + 53. List the prime factors of a(5).
2, 19, 41
Suppose 6*l - l = 0. Suppose -3*b + 4*z + 76 = l, -3*z + 2 - 14 = 0. List the prime factors of b.
2, 5
List the prime factors of 14/(-35) + (-28551)/(-15).
11, 173
Let o(f) = -f + 11. Let u be o(7). Suppose h = 2*m - 6, -12 = -h + u*h - 4*m. Let i = h - -21. What are the prime factors of i?
3, 7
Suppose x + o + 0*o = 9, o = 4. Suppose -104 + 132 = 4*g. List the prime factors of -1 + x + (g - -1).
2, 3
Suppose 0 = -11*l + 71 + 6. Suppose 317 = -l*a + 1941. List the prime factors of a.
2, 29
Suppose -285 = -d - 6